{"id":77,"date":"2016-04-12T14:26:38","date_gmt":"2016-04-12T12:26:38","guid":{"rendered":"http:\/\/mm.double-a-design.de\/wordpress\/?page_id=77"},"modified":"2018-05-03T13:17:09","modified_gmt":"2018-05-03T11:17:09","slug":"mick-music-willkommen","status":"publish","type":"page","link":"https:\/\/mickandmusic.de\/wordpress\/","title":{"rendered":"Mick &#038; Music | Willkommen"},"content":{"rendered":"<p>[vc_row full_width=&#8220;stretch_row&#8220; padding_top=&#8220;0&#8243; padding_bottom=&#8220;0&#8243; font_color=&#8220;#fff9f9&#8243; margin_top=&#8220;0&#8243; margin_bottom=&#8220;0&#8243;][vc_column css=&#8220;.vc_custom_1460490665008{margin-top: 0px !important;margin-bottom: 0px !important;border-top-width: 0px !important;border-bottom-width: 0px !important;padding-top: 0px !important;padding-bottom: 0px !important;}&#8220;][vc_column_text]<\/p>\n<h1><span style=\"color: #474644;\">Willkommen bei mick and music<\/span><\/h1>\n<h2><span style=\"color: #474644;\">Ihre Full-Service K\u00fcnstleragentur aus dem Norden f\u00fcr die B\u00fchnen in ganz Deutschland.<\/span><\/h2>\n<p>[\/vc_column_text][\/vc_column][\/vc_row][vc_row content_placement=&#8220;middle&#8220; bg_type=&#8220;video&#8220; bg_video_src=&#8220;https:\/\/mickandmusic.de\/wordpress\/wp-content\/uploads\/2016\/04\/mm_home.mp4&#8243; padding_top=&#8220;0&#8243; padding_bottom=&#8220;0&#8243; margin_top=&#8220;0&#8243; margin_bottom=&#8220;0&#8243; bg_image_fallback=&#8220;1180&#8243; bg_video_mp4=&#8220;https:\/\/mickandmusic.de\/wordpress\/wp-content\/uploads\/2016\/04\/mm_home.mp4&#8243; bg_color_fallback=&#8220;#ffffff&#8220;][vc_column width=&#8220;1\/3&#8243;][\/vc_column][vc_column width=&#8220;1\/3&#8243;][vc_cta h2=&#8220;Schauen Sie sich unser Portfolio an!&#8220; txt_align=&#8220;center&#8220;]<\/p>\n<h4 class=\"wpb_heading\" style=\"text-align: center;\">Ca. <a href=\"https:\/\/mickandmusic.de\/wordpress\/portfolio-kuenstler-nach-alphabet\/\">200 K\u00fcnstler<\/a> warten auf Sie.<\/h4>\n<p style=\"text-align: center;\"><span style=\"margin: 0px; font-family: 'Arial',sans-serif; font-size: 10.5pt;\"><span style=\"color: #000000;\">St\u00f6bern Sie in unserem <a href=\"https:\/\/mickandmusic.de\/wordpress\/kuenstler-brandaktuell\/\">Portfolio<\/a><\/span><\/span><span style=\"margin: 0px; font-family: 'Arial',sans-serif; font-size: 10.5pt;\"><span style=\"color: #000000;\"><br \/>\noder nehmen Sie <a href=\"https:\/\/mickandmusic.de\/wordpress\/band-anfragen\/\">Kontakt <\/a><\/span><\/span><span style=\"margin: 0px; font-family: 'Arial',sans-serif; font-size: 10.5pt;\"><span style=\"color: #000000;\">mit uns auf.<\/span><\/span><\/p>\n<p>[\/vc_cta][\/vc_column][vc_column width=&#8220;1\/3&#8243;][\/vc_column][\/vc_row][vc_row full_width=&#8220;stretch_row&#8220; padding_top=&#8220;0&#8243; padding_bottom=&#8220;0&#8243; font_color=&#8220;#fff9f9&#8243; margin_top=&#8220;0&#8243; margin_bottom=&#8220;0&#8243;][vc_column css=&#8220;.vc_custom_1460490665008{margin-top: 0px !important;margin-bottom: 0px !important;border-top-width: 0px !important;border-bottom-width: 0px !important;padding-top: 0px !important;padding-bottom: 0px !important;}&#8220;][vc_column_text]<span style=\"color: #474644;\">Ob Topacts, Coverbands oder Solisten, Kleink\u00fcnstler, Diskjockeys oder Comedians, als engagierte K\u00fcnstleragentur vermitteln wir Bands und K\u00fcnstler unterschiedlichster Musikrichtungen und Stilistiken f\u00fcr den Erfolg auch Ihrer Veranstaltung.<\/span>[\/vc_column_text][\/vc_column][\/vc_row][vc_row][vc_column][vc_row_inner css_animation=&#8220;zoom-in&#8220; css_animation_delay=&#8220;200&#8243;][vc_column_inner][vc_column_text]<\/p>\n<h3>Featured Bands<\/h3>\n<p>[\/vc_column_text][om_portfolio ratio=&#8220;3:2&#8243; size=&#8220;medium&#8220; preview_layout=&#8220;full-hover-2&#8243; margins=&#8220;none&#8220; count=&#8220;3&#8243; sort=&#8220;custom&#8220; randomize=&#8220;yes&#8220; category=&#8220;38&#8243;][\/vc_column_inner][\/vc_row_inner][\/vc_column][\/vc_row][vc_row full_width=&#8220;stretch_row&#8220; padding_top=&#8220;0&#8243; padding_bottom=&#8220;0&#8243; font_color=&#8220;#fff9f9&#8243; margin_top=&#8220;0&#8243; margin_bottom=&#8220;0&#8243;][vc_column css=&#8220;.vc_custom_1460490665008{margin-top: 0px !important;margin-bottom: 0px !important;border-top-width: 0px !important;border-bottom-width: 0px !important;padding-top: 0px !important;padding-bottom: 0px !important;}&#8220;][vc_column_text]<span style=\"color: #474644;\">Mit unserer jahrzehntelangen Erfahrung im Show- und Veranstaltungsbusiness geben wir unseren Kunden die n\u00f6tige Unterst\u00fctzung bei der Musik- und K\u00fcnstlerwahl auf ihrem Event und k\u00fcmmern uns im Vorfeld um die komplette Abwicklung zwischen Veranstalter und K\u00fcnstler.<\/span><br \/>\n<span style=\"color: #474644;\">Dar\u00fcber hinaus stehen wir als K\u00fcnstleragentur in allen Fragen rund um Ihre Veranstaltung mit Rat und Tat zuverl\u00e4ssig zur Seite: von der B\u00fchnen-, Licht- und Tontechnik \u00fcber die Locationauswahl bis hin zum Feuerwerk.<\/span>[\/vc_column_text][\/vc_column][\/vc_row][vc_row][vc_column][vc_row_inner css_animation=&#8220;zoom-in&#8220; css_animation_delay=&#8220;200&#8243;][vc_column_inner][vc_column_text css_animation=&#8220;appear&#8220;]<\/p>\n<h3 style=\"text-align: center;\"><span style=\"color: #000000;\">Egal ob Sie<br \/>\neine Gala, ein Stadtfest, ein Open-Air, ein Hallenevent, ein Betriebs- oder Familienfest planen<br \/>\n\u2013 hunderte von K\u00fcnstlern stehen mit ihrem umfangreichen Repertoire zur Auswahl!<\/span><\/h3>\n<p>[\/vc_column_text][\/vc_column_inner][\/vc_row_inner][\/vc_column][\/vc_row]<\/p>\n","protected":false},"excerpt":{"rendered":"<p>[vc_row full_width=&#8220;stretch_row&#8220; padding_top=&#8220;0&#8243; padding_bottom=&#8220;0&#8243; font_color=&#8220;#fff9f9&#8243; margin_top=&#8220;0&#8243; margin_bottom=&#8220;0&#8243;][vc_column css=&#8220;.vc_custom_1460490665008{margin-top: 0px !important;margin-bottom: 0px !important;border-top-width: 0px !important;border-bottom-width: 0px !important;padding-top: 0px !important;padding-bottom: 0px !important;}&#8220;][vc_column_text] Willkommen bei mick and music&hellip;<\/p>\n<p><a href=\"https:\/\/mickandmusic.de\/wordpress\/\" class=\"more-link post-excerpt-readmore\"><span class=\"more-link-inner\">Read more<\/span><span class=\"more-link-brd\"><\/span><\/a><\/p>\n","protected":false},"author":1,"featured_media":0,"parent":0,"menu_order":0,"comment_status":"closed","ping_status":"closed","template":"","meta":{"footnotes":""},"class_list":["post-77","page","type-page","status-publish","hentry"],"aioseo_notices":[],"_links":{"self":[{"href":"https:\/\/mickandmusic.de\/wordpress\/wp-json\/wp\/v2\/pages\/77","targetHints":{"allow":["GET"]}}],"collection":[{"href":"https:\/\/mickandmusic.de\/wordpress\/wp-json\/wp\/v2\/pages"}],"about":[{"href":"https:\/\/mickandmusic.de\/wordpress\/wp-json\/wp\/v2\/types\/page"}],"author":[{"embeddable":true,"href":"https:\/\/mickandmusic.de\/wordpress\/wp-json\/wp\/v2\/users\/1"}],"replies":[{"embeddable":true,"href":"https:\/\/mickandmusic.de\/wordpress\/wp-json\/wp\/v2\/comments?post=77"}],"version-history":[{"count":62,"href":"https:\/\/mickandmusic.de\/wordpress\/wp-json\/wp\/v2\/pages\/77\/revisions"}],"predecessor-version":[{"id":4185,"href":"https:\/\/mickandmusic.de\/wordpress\/wp-json\/wp\/v2\/pages\/77\/revisions\/4185"}],"wp:attachment":[{"href":"https:\/\/mickandmusic.de\/wordpress\/wp-json\/wp\/v2\/media?parent=77"}],"curies":[{"name":"wp","href":"https:\/\/api.w.org\/{rel}","templated":true}]}}